{"id":355,"date":"2013-05-02T11:56:39","date_gmt":"2013-05-02T11:56:39","guid":{"rendered":"http:\/\/sites.uac.pt\/rteixeira\/?page_id=355"},"modified":"2025-09-06T11:51:38","modified_gmt":"2025-09-06T11:51:38","slug":"eventos","status":"publish","type":"page","link":"https:\/\/sites.uac.pt\/rteixeira\/eventos\/","title":{"rendered":"Eventos Organizados"},"content":{"rendered":"<h6><img loading=\"lazy\" decoding=\"async\" class=\"size-thumbnail wp-image-152 alignnone\" src=\"https:\/\/sites.uac.pt\/rteixeira\/files\/2012\/04\/TMA-150x150.png\" alt=\"TMA\" width=\"147\" height=\"150\" \/>\u00a0\u00a0<img loading=\"lazy\" decoding=\"async\" class=\"size-thumbnail wp-image-153 alignnone\" src=\"https:\/\/sites.uac.pt\/rteixeira\/files\/2012\/04\/MAT-150x150.jpg\" alt=\"MAT\" width=\"147\" height=\"150\" \/>\u00a0\u00a0<img loading=\"lazy\" decoding=\"async\" class=\"alignnone size-thumbnail wp-image-155\" src=\"https:\/\/sites.uac.pt\/rteixeira\/files\/2013\/05\/rmc4.jpg\" alt=\"RMC\" width=\"180\" height=\"150\" \/><\/h6>\n<h4><span style=\"color: #008080\">Organiza\u00e7\u00e3o de eventos internacionais:<\/span><\/h4>\n<ul>\n<li><a href=\"https:\/\/acores9imm.spm.pt\" target=\"_blank\" rel=\"noopener noreferrer\">9th Iberian Mathematical Meeting<\/a>, Universidade dos A\u00e7ores, 2, 3 e 4 de outubro, 2024.<\/li>\n<li><a href=\"https:\/\/cicanicauac.wixsite.com\/vii-cica\" target=\"_blank\" rel=\"noopener noreferrer\">Congresso Internacional Interdisciplinar da Crian\u00e7a e do Adolescente \u2013 CICA VII (7.\u00aa edi\u00e7\u00e3o)<\/a>, Universidade dos A\u00e7ores, 20, 21, 27 e 28 de outubro, 2023.<\/li>\n<li><a href=\"http:\/\/ludicum.org\/ev\/rm\/rm21\" target=\"_blank\" rel=\"noopener noreferrer\">Recreational Mathematics Colloquium VII<\/a>, University of the Azores, 27-29 January, 2023.<\/li>\n<li><a href=\"http:\/\/cgtc.eu\/4\" target=\"_blank\" rel=\"noopener noreferrer\">Combinatorial Game Theory Colloquium IV<\/a>, University of the Azores, 23-25 January, 2023.<\/li>\n<li><a href=\"https:\/\/nicauac.wixsite.com\/vi-cica\/\" target=\"_blank\" rel=\"noopener noreferrer\">Congresso Internacional Interdisciplinar da Crian\u00e7a e do Adolescente \u2013 CICA VI (6.\u00aa edi\u00e7\u00e3o)<\/a>, Universidade dos A\u00e7ores, 27, 28 e 29 de outubro, 3, 4 e 5 de novembro, 2022. <a href=\"https:\/\/drive.google.com\/file\/d\/1aUvRe-Q888sD9QgbBOKfsBfM5o_aMIQ9\/view?usp=share_link\" target=\"_blank\" rel=\"noopener\">Entrevista ao Correio dos A\u00e7ores<\/a>, 10 de novembro de 2022.<\/li>\n<li><a href=\"https:\/\/nicauac.wixsite.com\/v-cica\" target=\"_blank\" rel=\"noopener noreferrer\">Congresso Internacional Interdisciplinar da Crian\u00e7a e do Adolescente \u2013 CICA V (5.\u00aa edi\u00e7\u00e3o)<\/a>, Universidade dos A\u00e7ores, 21, 23, 28 e 30 de outubro, 2021.<\/li>\n<li><a href=\"https:\/\/nicauac.wixsite.com\/iv-cica\" target=\"_blank\" rel=\"noopener noreferrer\">Congresso Internacional Interdisciplinar da Crian\u00e7a e do Adolescente \u2013 CICA IV (4.\u00aa edi\u00e7\u00e3o)<\/a>, Universidade dos A\u00e7ores, 17 a 19 de outubro, 2019.<\/li>\n<li><a href=\"https:\/\/nicauac.wixsite.com\/iiicica\" target=\"_blank\" rel=\"noopener noreferrer\">Congresso Internacional Interdisciplinar da Crian\u00e7a e do Adolescente \u2013 CICA III (3.\u00aa edi\u00e7\u00e3o)<\/a>, Universidade dos A\u00e7ores, 25 a 27 de outubro, 2018.<\/li>\n<li><a href=\"http:\/\/sites.uac.pt\/rteixeira\/files\/2017\/05\/I_CICA_Livro_de_Resumos.pdf\" target=\"_blank\" rel=\"noopener noreferrer\">Congresso Internacional Interdisciplinar da Crian\u00e7a e do Adolescente \u2013 CICA I (1.\u00aa edi\u00e7\u00e3o)<\/a>, Universidade dos A\u00e7ores, 21 e 22 de outubro, 2016.<\/li>\n<li><a href=\"http:\/\/ludicum.org\/ev\/rm\/13\" target=\"_blank\" rel=\"noopener noreferrer\">Recreational Mathematics Colloquium III<\/a>, University of the Azores, 3-6 April, 2013.<\/li>\n<li><a href=\"http:\/\/ludicum.org\/ev\/bgs\/13\" target=\"_blank\" rel=\"noopener noreferrer\">Board Game Studies Colloquium XVI<\/a>, University of the Azores, 3-6 April, 2013.<\/li>\n<\/ul>\n<h4><span style=\"color: #008080\">Organiza\u00e7\u00e3o de eventos nacionais:<\/span><\/h4>\n<ul>\n<li><a href=\"https:\/\/uac.pt\/primeiro_encontro_sapien\" target=\"_blank\" rel=\"noopener noreferrer\">1.\u00ba Encontro SAPIEN: &#8220;Experi\u00eancias que transformam: inova\u00e7\u00e3o pedag\u00f3gica e colabora\u00e7\u00e3o no ensino superior&#8221;<\/a>, Online e Presencial no Campus de Ponta Delgada da Universidade dos A\u00e7ores, 30 de junho a 2 de julho, 2025.<\/li>\n<li><a href=\"https:\/\/drive.google.com\/file\/d\/1grKZYrhdJRpGLBiztGis_phKhU2XflAh\/view?usp=sharing\" target=\"_blank\" rel=\"noopener noreferrer\">Novas Estrat\u00e9gias para a Aprendizagem da Matem\u00e1tica (5.\u00aa edi\u00e7\u00e3o)<\/a>, EBI Canto da Maia, EBI Roberto Ivens e ES Domingos Rebelo, 3-6 de fevereiro, 2020.<\/li>\n<li><a href=\"http:\/\/sites.uac.pt\/rteixeira\/files\/2019\/03\/Novas-Estrat\u00e9gias4.pdf\" target=\"_blank\" rel=\"noopener noreferrer\">Novas Estrat\u00e9gias para a Aprendizagem da Matem\u00e1tica (4.\u00aa edi\u00e7\u00e3o)<\/a>, Universidade dos A\u00e7ores, 4-8 de fevereiro, 2019.<\/li>\n<li><a href=\"https:\/\/www.casadasciencias.org\/2018encontroazores\/\" target=\"_blank\" rel=\"noopener noreferrer\">I Encontro da Casa das Ci\u00eancias nos A\u00e7ores \u2013 A Educa\u00e7\u00e3o Cient\u00edfica e a Tecnologia do S\u00e9c. XXI<\/a>, Campus de Ponta Delgada da Universidade dos A\u00e7ores, 6 e 7 de setembro, 2018.<\/li>\n<li><a href=\"https:\/\/drive.google.com\/file\/d\/1rOcVEiDLhD-X6JR45hrA8Bbp7eJA-tQS\/view?usp=sharing\" target=\"_blank\" rel=\"noopener noreferrer\">(H)\u00c0 Conversa sobre&#8230; O que nos faz pensar?<\/a>, Anfiteatro I do Campus de Ponta Delgada da Universidade dos A\u00e7ores, 5 de fevereiro, 2018.<\/li>\n<li><a href=\"http:\/\/sites.uac.pt\/rteixeira\/files\/2018\/02\/Novas-Estrat\u00e9gias3.pdf\" target=\"_blank\" rel=\"noopener noreferrer\">Novas Estrat\u00e9gias para a Aprendizagem da Matem\u00e1tica (3.\u00aa edi\u00e7\u00e3o)<\/a>, Universidade dos A\u00e7ores, 5-8 de fevereiro, 2018.<\/li>\n<li><a href=\"http:\/\/sites.uac.pt\/rteixeira\/files\/2017\/05\/Novas-Estrat\u00e9gias2.pdf\" target=\"_blank\" rel=\"noopener noreferrer\">Novas Estrat\u00e9gias para a Aprendizagem da Matem\u00e1tica (2.\u00aa edi\u00e7\u00e3o)<\/a>, Universidade dos A\u00e7ores, 6-8 de mar\u00e7o, 2017.<\/li>\n<li><a href=\"http:\/\/sites.uac.pt\/rteixeira\/files\/2016\/02\/Novas-Estrat\u00e9gias.pdf\" target=\"_blank\" rel=\"noopener noreferrer\">Novas Estrat\u00e9gias para a Aprendizagem da Matem\u00e1tica (1.\u00aa edi\u00e7\u00e3o)<\/a>, Universidade dos A\u00e7ores, 23-26 de fevereiro, 2016.<\/li>\n<li><a href=\"https:\/\/drive.google.com\/file\/d\/0B14_hGp_bEX9SXV6NXJOM3p2Mnc\/view?usp=sharing\" target=\"_blank\" rel=\"noopener noreferrer\">(H)\u00c0 Conversa sobre&#8230; Educa\u00e7\u00e3o Pr\u00e9-Escolar<\/a>, Audit\u00f3rio da Biblioteca P\u00fablica e Arquivo Regional de Ponta Delgada, 27 de novembro, 2015.<\/li>\n<li>Escola de Ver\u00e3o de Matem\u00e1tica: cinco dias, cinco temas (2.\u00aa edi\u00e7\u00e3o), Universidade dos A\u00e7ores, 14-18 de julho, 2014.<\/li>\n<li>Escola de Ver\u00e3o de Matem\u00e1tica: cinco dias, cinco temas (1.\u00aa edi\u00e7\u00e3o), Universidade dos A\u00e7ores, 8-12 de julho, 2013.<\/li>\n<li>Ensinar e aprender Matem\u00e1tica: di\u00e1logos e conjun\u00e7\u00f5es numa perspectiva interdisciplinar, Universidade dos A\u00e7ores, fevereiro-maio, 2012.<\/li>\n<\/ul>\n<h4><span style=\"color: #008080\">Organiza\u00e7\u00e3o de eventos de divulga\u00e7\u00e3o:<\/span><\/h4>\n<ul>\n<li><a href=\"https:\/\/www.facebook.com\/media\/set\/?set=a.562957689205659&amp;type=3\" target=\"_blank\" rel=\"noopener noreferrer\">Matin\u00e9e M\u00e1gica<\/a>, Biblioteca P\u00fablica e Arquivo Regional de Ponta Delgada, 29 de janeiro, 2023. <a href=\"https:\/\/drive.google.com\/file\/d\/1yTvFY93HQZ7v1WpMt4i9X3MWA5VpEFBT\/view?usp=share_link\" target=\"_blank\" rel=\"noopener\">Reportagem no Correio dos A\u00e7ores<\/a>, 31 de janeiro de 2023.<\/li>\n<li>Campeonato Regional de Jogos Matem\u00e1ticos, entre 2010 e 2018.<\/li>\n<li><a href=\"http:\/\/sites.uac.pt\/mea\/iniciativas\/matemagicolandia\/\" target=\"_blank\" rel=\"noopener noreferrer\">Matemagicol\u00e2ndia<\/a>, entre 2009 e 2016.<\/li>\n<li>Tardes de Matem\u00e1tica &#8211; A\u00e7ores, entre 2008 e 2012.<\/li>\n<li>Um passeio pela ci\u00eancia, entre 2008 e 2010.<\/li>\n<\/ul>\n","protected":false},"excerpt":{"rendered":"<p>\u00a0\u00a0\u00a0\u00a0 Organiza\u00e7\u00e3o de eventos internacionais: 9th Iberian Mathematical Meeting, Universidade dos A\u00e7ores, 2, 3 e 4 de outubro, 2024. Congresso Internacional Interdisciplinar da Crian\u00e7a e do Adolescente \u2013 CICA VII (7.\u00aa edi\u00e7\u00e3o), Universidade dos A\u00e7ores, 20, 21, 27 e 28 de outubro, 2023. Recreational Mathematics Colloquium VII, University of the Azores, 27-29 January, 2023. Combinatorial [&hellip;]<\/p>\n","protected":false},"author":282,"featured_media":0,"parent":0,"menu_order":40,"comment_status":"closed","ping_status":"closed","template":"","meta":{"_monsterinsights_skip_tracking":false,"_monsterinsights_sitenote_active":false,"_monsterinsights_sitenote_note":"","_monsterinsights_sitenote_category":0,"footnotes":""},"class_list":["post-355","page","type-page","status-publish","hentry"],"_links":{"self":[{"href":"https:\/\/sites.uac.pt\/rteixeira\/wp-json\/wp\/v2\/pages\/355","targetHints":{"allow":["GET"]}}],"collection":[{"href":"https:\/\/sites.uac.pt\/rteixeira\/wp-json\/wp\/v2\/pages"}],"about":[{"href":"https:\/\/sites.uac.pt\/rteixeira\/wp-json\/wp\/v2\/types\/page"}],"author":[{"embeddable":true,"href":"https:\/\/sites.uac.pt\/rteixeira\/wp-json\/wp\/v2\/users\/282"}],"replies":[{"embeddable":true,"href":"https:\/\/sites.uac.pt\/rteixeira\/wp-json\/wp\/v2\/comments?post=355"}],"version-history":[{"count":72,"href":"https:\/\/sites.uac.pt\/rteixeira\/wp-json\/wp\/v2\/pages\/355\/revisions"}],"predecessor-version":[{"id":2141,"href":"https:\/\/sites.uac.pt\/rteixeira\/wp-json\/wp\/v2\/pages\/355\/revisions\/2141"}],"wp:attachment":[{"href":"https:\/\/sites.uac.pt\/rteixeira\/wp-json\/wp\/v2\/media?parent=355"}],"curies":[{"name":"wp","href":"https:\/\/api.w.org\/{rel}","templated":true}]}}