{"id":3,"date":"2012-04-08T18:14:27","date_gmt":"2012-04-08T18:14:27","guid":{"rendered":""},"modified":"2024-09-24T09:56:11","modified_gmt":"2024-09-24T09:56:11","slug":"ensino","status":"publish","type":"page","link":"https:\/\/sites.uac.pt\/rteixeira\/ensino\/","title":{"rendered":"Ensino"},"content":{"rendered":"<p><img loading=\"lazy\" decoding=\"async\" class=\"size-thumbnail wp-image-83 alignnone\" src=\"https:\/\/sites.uac.pt\/rteixeira\/files\/2018\/10\/Logo-MPP-ProfDA-e1539463545775.png\" alt=\"simetria\" width=\"100\" height=\"120\">&nbsp;&nbsp;&nbsp;<img loading=\"lazy\" decoding=\"async\" class=\"size-thumbnail wp-image-77 alignnone\" src=\"https:\/\/sites.uac.pt\/rteixeira\/files\/2014\/01\/Painel-de-fotos.jpg\" alt=\"cosseno\" width=\"120\" height=\"120\">&nbsp;<img loading=\"lazy\" decoding=\"async\" class=\"size-thumbnail wp-image-77 alignnone\" src=\"https:\/\/sites.uac.pt\/rteixeira\/files\/2012\/04\/cosseno-150x150.jpg\" alt=\"cosseno\" width=\"120\" height=\"120\">&nbsp;<strong><img loading=\"lazy\" decoding=\"async\" class=\"size-thumbnail wp-image-88 alignnone\" src=\"https:\/\/sites.uac.pt\/rteixeira\/files\/2012\/04\/slide2-150x150.jpg\" alt=\"slide2\" width=\"120\" height=\"120\"><\/strong><\/p>\n<h4><span style=\"color: #008080\"><strong>Unidades curriculares e m\u00f3dulos lecionados nos \u00faltimos anos:<\/strong><\/span><\/h4>\n<ul>\n<li><a href=\"http:\/\/moodle.uac.pt\" target=\"_blank\" rel=\"noopener noreferrer\">Oficina de Did\u00e1ticas em Educa\u00e7\u00e3o Pr\u00e9-Escolar\/Oficina de Did\u00e1ticas em 1.\u00ba Ciclo do Ensino B\u00e1sico<\/a>, Mestrado em Educa\u00e7\u00e3o Pr\u00e9-Escolar e Ensino do 1.\u00ba Ciclo do Ensino B\u00e1sico, desde 2016\/2017.<\/li>\n<li><a href=\"http:\/\/moodle.uac.pt\" target=\"_blank\" rel=\"noopener noreferrer\">Metodologia do Ensino da Matem\u00e1tica<\/a>, Mestrado em Educa\u00e7\u00e3o Pr\u00e9-Escolar e Ensino do 1.\u00ba Ciclo do Ensino B\u00e1sico, desde 2016\/2017.<\/li>\n<li><a href=\"http:\/\/moodle.uac.pt\" target=\"_blank\" rel=\"noopener noreferrer\">Fundamentos e Aplica\u00e7\u00f5es da Matem\u00e1tica Elementar<\/a>, Mestrado em Educa\u00e7\u00e3o Pr\u00e9-Escolar e Ensino do 1.\u00ba Ciclo do Ensino B\u00e1sico, em 2014\/2015, 2015\/2016 e desde 2021\/2022.<\/li>\n<li><a href=\"http:\/\/moodle.uac.pt\" target=\"_blank\" rel=\"noopener noreferrer\">Aplica\u00e7\u00f5es da Matem\u00e1tica<\/a>, Licenciatura em Educa\u00e7\u00e3o B\u00e1sica, desde 2007\/2008.<\/li>\n<li><a href=\"http:\/\/moodle.uac.pt\" target=\"_blank\" rel=\"noopener noreferrer\">Matem\u00e1tica\/Matem\u00e1tica Aplicada \u00e0s Ci\u00eancias Biol\u00f3gicas<\/a>, Licenciaturas em Biologia, em Ci\u00eancias do Mar e em Ci\u00eancias Biol\u00f3gicas e da Sa\u00fade, desde 2008\/2009.<\/li>\n<li><strong>Matem\u00e1tica<\/strong>, Licenciatura em Prote\u00e7\u00e3o Civil e Gest\u00e3o de Riscos, em 2012\/2013 e 2014\/2015.<\/li>\n<li><strong>Complementos de Aritm\u00e9tica e Geometria<\/strong>, Licenciatura em Educa\u00e7\u00e3o B\u00e1sica, em 2015\/2016, 2016\/2017 e 2021\/2022.<\/li>\n<li>M\u00f3dulo de <strong>C\u00e1lculo II<\/strong>, Licenciatura em Inform\u00e1tica: Redes e Multim\u00e9dia, em 2014\/2015.<\/li>\n<li>M\u00f3dulo de <strong>Matem\u00e1tica II<\/strong>, Licenciaturas em Economia e em Gest\u00e3o, em 2011\/2012.<\/li>\n<li>M\u00f3dulo de <strong>Actividades Matem\u00e1ticas<\/strong>, Mestrado em Matem\u00e1tica para Professores, em 2010\/2011.<\/li>\n<li>M\u00f3dulo de <strong>Biomatem\u00e1tica<\/strong>, Ciclo B\u00e1sico de Medicina, em 2009\/2010 e 2010\/2011.<\/li>\n<\/ul>\n<h4><span style=\"color: #008080\"><strong>Cursos e oficinas de forma\u00e7\u00e3o realizados:<\/strong><\/span><\/h4>\n<ul>\n<li><strong>Matem\u00e1tica Passo a Passo: Estrat\u00e9gias de Supera\u00e7\u00e3o de Dificuldades para o 2.\u00ba Ciclo do Ensino B\u00e1sico<\/strong> (Projeto Prof DA, Programa ProSucesso &#8211; A\u00e7ores pela Educa\u00e7\u00e3o, Governo Regional dos A\u00e7ores), oficinas, entre setembro de 2017 e julho de 2021.<\/li>\n<li><strong>Matem\u00e1tica Passo a Passo: Estrat\u00e9gias de Supera\u00e7\u00e3o de Dificuldades para o 1.\u00ba Ciclo do Ensino B\u00e1sico<\/strong> (Projeto Prof DA, Programa ProSucesso &#8211; A\u00e7ores pela Educa\u00e7\u00e3o, Governo Regional dos A\u00e7ores), oficinas, entre setembro de 2015 e julho de 2021.<\/li>\n<li><strong>Matem\u00e1tica Passo a Passo: Despertar para a Matem\u00e1tica na Educa\u00e7\u00e3o Pr\u00e9-Escolar<\/strong> (Programa ProSucesso &#8211; A\u00e7ores pela Educa\u00e7\u00e3o, Governo Regional dos A\u00e7ores), oficina, ano letivo de 2016\/2017.<\/li>\n<li><a href=\"https:\/\/www.facebook.com\/media\/set\/?set=a.1405282859746206.1073741830.1405206259753866&amp;type=1\" target=\"_blank\" rel=\"noopener noreferrer\">Jogar e aprender: desenvolver compet\u00eancias matem\u00e1ticas atrav\u00e9s de jogos<\/a>, curso, 2013.<\/li>\n<li><a href=\"https:\/\/www.facebook.com\/media\/set\/?set=a.190125294393567.46774.141572202582210&amp;type=3\" target=\"_blank\" rel=\"noopener noreferrer\">Explora\u00e7\u00f5es matem\u00e1ticas com a <em>TI-Nspire<\/em> (curso de inicia\u00e7\u00e3o)<\/a>, curso, 2011.<\/li>\n<li><a href=\"https:\/\/www.facebook.com\/media\/set\/?set=a.306508809421881.71356.141572202582210&amp;type=3\" target=\"_blank\" rel=\"noopener noreferrer\">Matem\u00e1tica Interactiva &#8211; <em>GeoGebra<\/em> e <em>Tess<\/em><\/a>, curso em colabora\u00e7\u00e3o com Helena Melo, 2009.<\/li>\n<\/ul>\n<h4><span style=\"color: #008080\"><strong>Outras a\u00e7\u00f5es realizadas:<\/strong><\/span><\/h4>\n<ul>\n<li><strong>Forma\u00e7\u00e3o b\u00e1sica sobre a utiliza\u00e7\u00e3o da Plataforma <em>Moodle<\/em><\/strong>, a\u00e7\u00e3o promovida pela Pr\u00f3-Reitoria para a Forma\u00e7\u00e3o ao Longo da Vida da Universidade dos A\u00e7ores, 2010.<\/li>\n<\/ul>\n","protected":false},"excerpt":{"rendered":"<p>&nbsp;&nbsp;&nbsp;&nbsp;&nbsp; Unidades curriculares e m\u00f3dulos lecionados nos \u00faltimos anos: Oficina de Did\u00e1ticas em Educa\u00e7\u00e3o Pr\u00e9-Escolar\/Oficina de Did\u00e1ticas em 1.\u00ba Ciclo do Ensino B\u00e1sico, Mestrado em Educa\u00e7\u00e3o Pr\u00e9-Escolar e Ensino do 1.\u00ba Ciclo do Ensino B\u00e1sico, desde 2016\/2017. Metodologia do Ensino da Matem\u00e1tica, Mestrado em Educa\u00e7\u00e3o Pr\u00e9-Escolar e Ensino do 1.\u00ba Ciclo do Ensino B\u00e1sico, desde [&hellip;]<\/p>\n","protected":false},"author":282,"featured_media":0,"parent":0,"menu_order":10,"comment_status":"closed","ping_status":"closed","template":"","meta":{"_monsterinsights_skip_tracking":false,"_monsterinsights_sitenote_active":false,"_monsterinsights_sitenote_note":"","_monsterinsights_sitenote_category":0,"footnotes":""},"class_list":["post-3","page","type-page","status-publish","hentry"],"_links":{"self":[{"href":"https:\/\/sites.uac.pt\/rteixeira\/wp-json\/wp\/v2\/pages\/3","targetHints":{"allow":["GET"]}}],"collection":[{"href":"https:\/\/sites.uac.pt\/rteixeira\/wp-json\/wp\/v2\/pages"}],"about":[{"href":"https:\/\/sites.uac.pt\/rteixeira\/wp-json\/wp\/v2\/types\/page"}],"author":[{"embeddable":true,"href":"https:\/\/sites.uac.pt\/rteixeira\/wp-json\/wp\/v2\/users\/282"}],"replies":[{"embeddable":true,"href":"https:\/\/sites.uac.pt\/rteixeira\/wp-json\/wp\/v2\/comments?post=3"}],"version-history":[{"count":99,"href":"https:\/\/sites.uac.pt\/rteixeira\/wp-json\/wp\/v2\/pages\/3\/revisions"}],"predecessor-version":[{"id":2028,"href":"https:\/\/sites.uac.pt\/rteixeira\/wp-json\/wp\/v2\/pages\/3\/revisions\/2028"}],"wp:attachment":[{"href":"https:\/\/sites.uac.pt\/rteixeira\/wp-json\/wp\/v2\/media?parent=3"}],"curies":[{"name":"wp","href":"https:\/\/api.w.org\/{rel}","templated":true}]}}