{"id":96,"date":"2012-12-25T12:53:40","date_gmt":"2012-12-25T12:53:40","guid":{"rendered":"http:\/\/sites.uac.pt\/mea\/?page_id=96"},"modified":"2025-03-25T12:39:51","modified_gmt":"2025-03-25T12:39:51","slug":"12-13","status":"publish","type":"page","link":"https:\/\/sites.uac.pt\/mea\/iniciativas\/am\/12-13\/","title":{"rendered":"Aplica\u00e7\u00f5es da Matem\u00e1tica para a Educa\u00e7\u00e3o Pr\u00e9-Escolar e para o Ensino B\u00e1sico &#8211; 2012"},"content":{"rendered":"<p><strong>A Matem\u00e1tica na Arte e na Natureza: grupos de ros\u00e1ceas<\/strong><\/p>\n<table border=\"0\">\n<tbody>\n<tr>\n<td><a href=\"https:\/\/sites.uac.pt\/mea\/files\/2012\/12\/am1213-1.jpg\" target=\"_blank\" rel=\"noopener\"><img loading=\"lazy\" decoding=\"async\" class=\"size-thumbnail wp-image-129 alignnone\" style=\"margin-left: 0px; margin-right: 10px;\" src=\"https:\/\/sites.uac.pt\/mea\/files\/2012\/12\/am1213-1-150x150.jpg\" alt=\"am1213-1\" width=\"150\" height=\"150\" \/><\/a><\/td>\n<td><a href=\"https:\/\/sites.uac.pt\/mea\/files\/2012\/12\/am1213-1-SR.pdf\" target=\"_blank\" rel=\"noopener\">Simetria de rota\u00e7\u00e3o: onde est\u00e1s?<\/a><a href=\"https:\/\/sites.uac.pt\/mea\/files\/2012\/12\/am1213-1-dl.pdf\" target=\"_blank\" rel=\"noopener\">Desenho livre no Tess<\/a><\/p>\n<p><a href=\"https:\/\/sites.uac.pt\/mea\/files\/2012\/12\/am1213-1-c.pdf\" target=\"_blank\" rel=\"noopener\">Cat\u00e1logo<\/a><\/p>\n<p><a href=\"https:\/\/www.youtube.com\/watch?v=ogmOt6mIaT8\" target=\"_blank\" rel=\"noopener\">O grupo em a\u00e7\u00e3o<\/a><\/p>\n<p>S\u00edlvia Barbosa, Maria Paula Campos e Carolina Jarimba<\/td>\n<\/tr>\n<tr>\n<td><a href=\"https:\/\/sites.uac.pt\/mea\/files\/2012\/12\/am1213-2.jpg\" target=\"_blank\" rel=\"noopener\"><img loading=\"lazy\" decoding=\"async\" class=\"size-thumbnail wp-image-129 alignnone\" style=\"margin-left: 0px; margin-right: 10px;\" src=\"https:\/\/sites.uac.pt\/mea\/files\/2012\/12\/am1213-2-150x150.jpg\" alt=\"am1213-2\" width=\"150\" height=\"150\" \/><\/a><\/td>\n<td><a href=\"https:\/\/sites.uac.pt\/mea\/files\/2012\/12\/am1213-2-dl.pdf\" target=\"_blank\" rel=\"noopener\">Desenho livre no Tess<\/a><a href=\"https:\/\/sites.uac.pt\/mea\/files\/2012\/12\/am1213-2-c.pdf\" target=\"_blank\" rel=\"noopener\">Cat\u00e1logo<\/a><\/p>\n<p><a href=\"https:\/\/sites.uac.pt\/mea\/files\/2012\/12\/am1213-2-a.pdf\" target=\"_blank\" rel=\"noopener\">Atividades com crian\u00e7as<\/a><\/p>\n<p><a href=\"https:\/\/sites.uac.pt\/mea\/files\/2012\/12\/am1213-2-ga.pdf\" target=\"_blank\" rel=\"noopener\">Atividade com a turma<\/a><\/p>\n<p>D\u00e9bora Sousa, Raquel Raposo e Michelle Silva<\/td>\n<\/tr>\n<tr>\n<td><a href=\"https:\/\/sites.uac.pt\/mea\/files\/2012\/12\/am1213-3.JPG\" target=\"_blank\" rel=\"noopener\"><img loading=\"lazy\" decoding=\"async\" class=\"alignnone size-thumbnail wp-image-263\" src=\"https:\/\/sites.uac.pt\/mea\/files\/2012\/12\/am1213-3-150x150.jpg\" alt=\"am1213-3\" width=\"150\" height=\"150\" \/><\/a><\/td>\n<td><a href=\"https:\/\/www.youtube.com\/watch?v=20GDhRuY7c0&amp;feature=youtu.be\" target=\"_blank\" rel=\"noopener\">Constru\u00e7\u00e3o do catavento<\/a><a href=\"https:\/\/www.youtube.com\/watch?v=UZAPUjeHQJI&amp;feature=youtu.be\" target=\"_blank\" rel=\"noopener\">Constru\u00e7\u00e3o do caleidosc\u00f3pio<\/a><\/p>\n<p><a href=\"https:\/\/sites.uac.pt\/mea\/files\/2012\/12\/am1213-3.pdf\" target=\"_blank\" rel=\"noopener\">Cat\u00e1logo<\/a> &#8211; <a href=\"https:\/\/www.youtube.com\/watch?v=cEt0UNxJouE&amp;feature=youtu.be\" target=\"_blank\" rel=\"noopener\">O grupo em a\u00e7\u00e3o<\/a><\/p>\n<p><a href=\"https:\/\/www.youtube.com\/watch?v=DLXA0VNYtk8&amp;feature=youtu.be\" target=\"_blank\" rel=\"noopener\">Atividades com crian\u00e7as<\/a><\/p>\n<p><a href=\"https:\/\/www.youtube.com\/watch?v=k6HAdSFNwa0&amp;feature=youtu.be\" target=\"_blank\" rel=\"noopener\">Apresenta\u00e7\u00e3o e atividades com a turma<\/a><\/p>\n<p>Sandy Borges e Catarina Sousa<\/td>\n<\/tr>\n<\/tbody>\n<\/table>\n<p><strong>A Matem\u00e1tica na Arte: grupos de frisos<\/strong><\/p>\n<table border=\"0\">\n<tbody>\n<tr>\n<td><a href=\"https:\/\/sites.uac.pt\/mea\/files\/2012\/12\/am1213-4A.jpg\" target=\"_blank\" rel=\"noopener\"><img loading=\"lazy\" decoding=\"async\" class=\"alignnone size-thumbnail wp-image-213\" src=\"https:\/\/sites.uac.pt\/mea\/files\/2012\/12\/am1213-4A-150x150.jpg\" alt=\"am1213-4A\" width=\"150\" height=\"150\" \/><\/a><\/td>\n<td><a href=\"https:\/\/sites.uac.pt\/mea\/files\/2012\/12\/am1213-4-C1.pdf\" target=\"_blank\" rel=\"noopener\">Desenho livre no Tess<br \/>\n<\/a><a href=\"https:\/\/sites.uac.pt\/mea\/files\/2012\/12\/am1213-4-C2A.pdf\" target=\"_blank\" rel=\"noopener\">Cat\u00e1logo<\/a><\/p>\n<p><a href=\"https:\/\/www.youtube.com\/watch?v=BBUoRqySwt0\" target=\"_blank\" rel=\"noopener\">Atividade com crian\u00e7as<\/a><\/p>\n<p><a href=\"https:\/\/www.youtube.com\/watch?v=Gxl6Nk2WyYM\" target=\"_blank\" rel=\"noopener\">Apresenta\u00e7\u00e3o e atividade com a turma<\/a><\/p>\n<p>Vasco C\u00e2mara, Sandra Coelho e Jorge Campos<\/td>\n<\/tr>\n<tr>\n<td><a href=\"https:\/\/sites.uac.pt\/mea\/files\/2012\/12\/am1213-5.jpg\" target=\"_blank\" rel=\"noopener\"><img loading=\"lazy\" decoding=\"async\" class=\"alignnone size-thumbnail wp-image-218\" src=\"https:\/\/sites.uac.pt\/mea\/files\/2012\/12\/am1213-5-150x150.jpg\" alt=\"am1213-5\" width=\"150\" height=\"150\" \/><\/a><\/td>\n<td><a href=\"https:\/\/sites.uac.pt\/mea\/files\/2012\/12\/am1213-5C.pdf\" target=\"_blank\" rel=\"noopener\">Cat\u00e1logo<\/a><a href=\"https:\/\/sites.uac.pt\/mea\/files\/2012\/12\/am1213-7-I.pdf\" target=\"_blank\" rel=\"noopener\">Cartolinas &#8220;As isometrias do plano&#8221;<\/a><\/p>\n<p><a href=\"https:\/\/www.youtube.com\/watch?v=C7uBTQYol9k&amp;feature=youtu.be\" target=\"_blank\" rel=\"noopener\">Atividade com crian\u00e7as<\/a><\/p>\n<p><a href=\"https:\/\/www.youtube.com\/watch?v=0BP3qZcTUlA&amp;feature=youtu.be\" target=\"_blank\" rel=\"noopener\">Bastidores e apresenta\u00e7\u00e3o<\/a><\/p>\n<p>Vera Alves, Ana Rita Teves e Patr\u00edcia Almeida<\/td>\n<\/tr>\n<tr>\n<td><a href=\"https:\/\/sites.uac.pt\/mea\/files\/2012\/12\/am1213-6.jpg\" target=\"_blank\" rel=\"noopener\"><img loading=\"lazy\" decoding=\"async\" class=\"alignnone size-thumbnail wp-image-221\" src=\"https:\/\/sites.uac.pt\/mea\/files\/2012\/12\/am1213-6-150x150.jpg\" alt=\"am1213-6\" width=\"150\" height=\"150\" \/><\/a><\/td>\n<td><a href=\"https:\/\/sites.uac.pt\/mea\/files\/2012\/12\/am1213-6-F.pdf\" target=\"_blank\" rel=\"noopener\">Fluxograma<\/a><a href=\"https:\/\/sites.uac.pt\/mea\/files\/2012\/12\/am1213-6-C2.pdf\" target=\"_blank\" rel=\"noopener\">Cat\u00e1logo<\/a><\/p>\n<p><a href=\"https:\/\/sites.uac.pt\/mea\/files\/2012\/12\/am1213-6-A.pdf\" target=\"_blank\" rel=\"noopener\">Atividades desenvolvidas<\/a><\/p>\n<p><a href=\"https:\/\/sites.uac.pt\/mea\/files\/2012\/12\/am1213-6-B.pdf\" target=\"_blank\" rel=\"noopener\">Bastidores<\/a><\/p>\n<p>Andreia Medeiros e In\u00eas Santos<\/td>\n<\/tr>\n<\/tbody>\n<\/table>\n<p><strong>A Matem\u00e1tica na Arte: grupos de papel de parede e pavimenta\u00e7\u00f5es<\/strong><\/p>\n<table border=\"0\">\n<tbody>\n<tr>\n<td><a href=\"https:\/\/sites.uac.pt\/mea\/files\/2012\/12\/am1213-7.jpg\" target=\"_blank\" rel=\"noopener\"><img loading=\"lazy\" decoding=\"async\" class=\"alignnone size-thumbnail wp-image-224\" src=\"https:\/\/sites.uac.pt\/mea\/files\/2012\/12\/am1213-7-150x150.jpg\" alt=\"am1213-7\" width=\"150\" height=\"150\" \/><\/a><\/td>\n<td><a href=\"https:\/\/sites.uac.pt\/mea\/files\/2012\/12\/am1213-7-D.pdf\" target=\"_blank\" rel=\"noopener\">Desenho livre no Tess<\/a><a href=\"https:\/\/sites.uac.pt\/mea\/files\/2012\/12\/am1213-7-C.pdf\" target=\"_blank\" rel=\"noopener\">Cat\u00e1logo<\/a><\/p>\n<p><a href=\"https:\/\/sites.uac.pt\/mea\/files\/2012\/12\/am1213-7-A.pdf\" target=\"_blank\" rel=\"noopener\">Atividade com crian\u00e7as<\/a><\/p>\n<p><a href=\"https:\/\/www.youtube.com\/watch?v=H1wVhdurUcY&amp;feature=youtu.be\" target=\"_blank\" rel=\"noopener\">O grupo em a\u00e7\u00e3o<\/a><\/p>\n<p>Catarina Drumond e Andreia Andrade<\/td>\n<\/tr>\n<tr>\n<td><a href=\"https:\/\/sites.uac.pt\/mea\/files\/2012\/12\/am1213-8.jpg\" target=\"_blank\" rel=\"noopener\"><img loading=\"lazy\" decoding=\"async\" class=\"alignnone size-thumbnail wp-image-227\" src=\"https:\/\/sites.uac.pt\/mea\/files\/2012\/12\/am1213-8-150x150.jpg\" alt=\"am1213-8\" width=\"150\" height=\"150\" \/><\/a><\/td>\n<td><a href=\"https:\/\/sites.uac.pt\/mea\/files\/2012\/12\/am1213-8-D.pdf\" target=\"_blank\" rel=\"noopener\">Desenho livre no Tess<\/a><a href=\"https:\/\/sites.uac.pt\/mea\/files\/2012\/12\/am1213-8-C1.pdf\" target=\"_blank\" rel=\"noopener\">Cat\u00e1logo &#8220;Obras de Escher&#8221;<\/a><\/p>\n<p><a href=\"https:\/\/sites.uac.pt\/mea\/files\/2012\/12\/am1213-8-P1.pdf\" target=\"_blank\" rel=\"noopener\">\u00c0 procura de pavimenta\u00e7\u00f5es<\/a><\/p>\n<p><a href=\"https:\/\/sites.uac.pt\/mea\/files\/2012\/12\/am1213-8-D1.pdf\" target=\"_blank\" rel=\"noopener\">O m\u00e9todo da dentada<\/a><\/p>\n<p>Cl\u00e1udia Ventura, Jo\u00e3o Andrade e Ana Filipa Pereira<\/td>\n<\/tr>\n<tr>\n<td><a href=\"https:\/\/sites.uac.pt\/mea\/files\/2012\/12\/am1213-9.png\" target=\"_blank\" rel=\"noopener\"><img loading=\"lazy\" decoding=\"async\" class=\"alignnone size-thumbnail wp-image-266\" src=\"https:\/\/sites.uac.pt\/mea\/files\/2012\/12\/am1213-9-150x150.png\" alt=\"am1213-9\" width=\"150\" height=\"150\" \/><\/a><\/td>\n<td><a href=\"https:\/\/sites.uac.pt\/mea\/files\/2012\/12\/am1213-9-D.pdf\" target=\"_blank\" rel=\"noopener\">Desenho livre no Tess<\/a><a href=\"https:\/\/sites.uac.pt\/mea\/files\/2012\/12\/am1213-9-F.pdf\" target=\"_blank\" rel=\"noopener\">Fluxograma<\/a> &#8211; <a href=\"https:\/\/sites.uac.pt\/mea\/files\/2012\/12\/am1213-9-C1.pdf\" target=\"_blank\" rel=\"noopener\">Cat\u00e1logo<\/a><\/p>\n<p><a href=\"https:\/\/www.youtube.com\/watch?v=Ia5Fq_EO0cY\" target=\"_blank\" rel=\"noopener\">Atividade com crian\u00e7as<\/a><\/p>\n<p><a href=\"https:\/\/www.youtube.com\/watch?v=QznwEnbcBeM\" target=\"_blank\" rel=\"noopener\">Bastidores<\/a><\/p>\n<p><a href=\"https:\/\/www.youtube.com\/watch?v=PDKO5MATIDw\" target=\"_blank\" rel=\"noopener\">Apresenta\u00e7\u00e3o oral<\/a><\/p>\n<p>Hugo Bettencourt, C\u00e1tia Eduardo e Eva Ferreira<\/td>\n<\/tr>\n<\/tbody>\n<\/table>\n<p><strong>Jogos e Matem\u00e1tica<\/strong><\/p>\n<table border=\"0\">\n<tbody>\n<tr>\n<td><a href=\"https:\/\/sites.uac.pt\/mea\/files\/2012\/12\/am1213-10B.jpg\" target=\"_blank\" rel=\"noopener\"><img loading=\"lazy\" decoding=\"async\" class=\"alignnone size-full wp-image-235\" src=\"https:\/\/sites.uac.pt\/mea\/files\/2012\/12\/am1213-10B.jpg\" alt=\"am1213-10B\" width=\"150\" height=\"82\" \/><\/a><\/td>\n<td><a href=\"https:\/\/sites.uac.pt\/mea\/files\/2012\/12\/am1213-10R.pdf\" target=\"_blank\" rel=\"noopener\">Algumas atividades desenvolvidas<\/a><a href=\"http:\/\/horta.5gbfree.com\/index.html\" target=\"_blank\" rel=\"noopener\">Atividades na Web<\/a> &#8211; <a href=\"https:\/\/www.youtube.com\/watch?v=7UKpx413HUY&amp;feature=youtu.be\" target=\"_blank\" rel=\"noopener\">Implementa\u00e7\u00e3o do Jogo da M\u00e1gica<\/a><\/p>\n<p><a href=\"https:\/\/sites.uac.pt\/mea\/files\/2012\/12\/am1213-10C.pdf\" target=\"_blank\" rel=\"noopener\">Cat\u00e1logo de n\u00fameros curiosos<\/a> &#8211; <a href=\"https:\/\/www.youtube.com\/watch?v=fGZYwe0EsN4&amp;feature=youtu.be\" target=\"_blank\" rel=\"noopener\">Bastidores<\/a><\/p>\n<p>Sara Horta, Sofia C\u00e2mara e Lina Garcia<strong><br \/>\n<\/strong><\/td>\n<\/tr>\n<tr>\n<td><a href=\"https:\/\/sites.uac.pt\/mea\/files\/2012\/12\/am1213-11.JPG\" target=\"_blank\" rel=\"noopener\"><img loading=\"lazy\" decoding=\"async\" class=\"alignnone size-thumbnail wp-image-240\" src=\"https:\/\/sites.uac.pt\/mea\/files\/2012\/12\/am1213-11-150x150.jpg\" alt=\"am1213-11\" width=\"150\" height=\"150\" \/><\/a><\/td>\n<td>As primeiras jogadas: <a href=\"https:\/\/www.youtube.com\/watch?v=J82Ojhhcoho&amp;feature=youtu.be\" target=\"_blank\" rel=\"noopener\">Hex1<\/a> &#8211; <a href=\"https:\/\/www.youtube.com\/watch?v=r5qzlvbd9ZA&amp;feature=youtu.be\" target=\"_blank\" rel=\"noopener\">Hex2<\/a> &#8211; <a href=\"https:\/\/www.youtube.com\/watch?v=VEemd9T1FDU&amp;feature=youtu.be\" target=\"_blank\" rel=\"noopener\">Hex3<\/a> &#8211; <a href=\"https:\/\/www.youtube.com\/watch?v=5JWmUzbi_JU&amp;feature=youtu.be\" target=\"_blank\" rel=\"noopener\">Hex4<\/a><a href=\"https:\/\/www.youtube.com\/watch?v=S6YrBQn8yuk&amp;feature=youtu.be\" target=\"_blank\" rel=\"noopener\">Atividades com crian\u00e7as<\/a><\/p>\n<p><a href=\"https:\/\/www.youtube.com\/watch?v=nNJ2t8unYfM&amp;feature=youtu.be\" target=\"_blank\" rel=\"noopener\">Apresenta\u00e7\u00e3o e atividades com a turma<\/a><\/p>\n<p><a href=\"https:\/\/www.youtube.com\/watch?v=dS00-m-MMlo&amp;feature=youtu.be\" target=\"_blank\" rel=\"noopener\">Cat\u00e1logo de Puzzles e Jogos<\/a> &#8211; <a href=\"https:\/\/www.youtube.com\/watch?v=jrWGd92Onew&amp;feature=youtu.be\" target=\"_blank\" rel=\"noopener\">Bastidores<\/a><\/p>\n<p>F\u00e1tima Grilo, Alexandra Cabral e Lu\u00edsa Medeiros<strong><br \/>\n<\/strong><\/td>\n<\/tr>\n<tr>\n<td><a href=\"https:\/\/sites.uac.pt\/mea\/files\/2012\/12\/am1213-12.JPG\" target=\"_blank\" rel=\"noopener\"><img loading=\"lazy\" decoding=\"async\" class=\"alignnone size-thumbnail wp-image-243\" src=\"https:\/\/sites.uac.pt\/mea\/files\/2012\/12\/am1213-12-150x150.jpg\" alt=\"am1213-12\" width=\"150\" height=\"150\" \/><\/a><\/td>\n<td><a href=\"https:\/\/www.youtube.com\/watch?v=Zb096hdMEeY\" target=\"_blank\" rel=\"noopener\">Vamos jogar ao SuperTmatik!<\/a><a href=\"https:\/\/www.youtube.com\/watch?v=nogRifQfQOU\" target=\"_blank\" rel=\"noopener\">Vamos jogar ao Tio Papel!<\/a><\/p>\n<p><a href=\"https:\/\/sites.uac.pt\/mea\/files\/2012\/12\/am1213-12C.pdf\" target=\"_blank\" rel=\"noopener\">Truques de cartas<\/a><\/p>\n<p><a href=\"https:\/\/www.youtube.com\/watch?v=1PQPxJJ5D5M\" target=\"_blank\" rel=\"noopener\">Atividade com crian\u00e7as<\/a><\/p>\n<p><a href=\"https:\/\/www.youtube.com\/watch?v=pviRCwVtbps\" target=\"_blank\" rel=\"noopener\">Atividade com a turma<\/a><\/p>\n<p>Susana Silva, B\u00e1rbara Cabral e Daniela Melo <strong><br \/>\n<\/strong><\/td>\n<\/tr>\n<tr>\n<td><a href=\"https:\/\/sites.uac.pt\/mea\/files\/2012\/12\/am1213-13.jpg\" target=\"_blank\" rel=\"noopener\"><img loading=\"lazy\" decoding=\"async\" class=\"alignnone size-thumbnail wp-image-248\" src=\"https:\/\/sites.uac.pt\/mea\/files\/2012\/12\/am1213-13-150x150.jpg\" alt=\"am1213-13\" width=\"150\" height=\"150\" \/><\/a><\/td>\n<td><a href=\"https:\/\/www.youtube.com\/watch?v=2mZDVJqMcCM&amp;feature=youtu.be\" target=\"_blank\" rel=\"noopener\">Vamos jogar ao Gatos &amp; C\u00e3es!<\/a><a href=\"https:\/\/www.youtube.com\/watch?v=eQIF_egIH2E&amp;feature=youtu.be\" target=\"_blank\" rel=\"noopener\">Vamos jogar ao Ouri!<\/a><\/p>\n<p><a href=\"https:\/\/www.youtube.com\/watch?v=WxOLPvbskcY&amp;feature=youtu.be\" target=\"_blank\" rel=\"noopener\">Vamos jogar ao SuperTmatik!<\/a><\/p>\n<p>Cat\u00e1logos: <a href=\"https:\/\/sites.uac.pt\/mea\/files\/2012\/12\/am1213-13-C2.pdf\" target=\"_blank\" rel=\"noopener\">n\u00fameros curiosos<\/a> &#8211; <a href=\"https:\/\/sites.uac.pt\/mea\/files\/2012\/12\/am1213-13-C1.pdf\" target=\"_blank\" rel=\"noopener\">baralho tradicional<\/a><\/p>\n<p><a href=\"https:\/\/www.youtube.com\/watch?v=zvik9EHiHgM&amp;feature=youtu.be\" target=\"_blank\" rel=\"noopener\">Constru\u00e7\u00e3o dos materiais<\/a> &#8211; <a href=\"https:\/\/www.youtube.com\/watch?v=OHNmtlG-e-o&amp;feature=youtu.be\" target=\"_blank\" rel=\"noopener\">O grupo em a\u00e7\u00e3o<\/a><\/p>\n<p>Maria Jos\u00e9 Contente e D\u00e1lia Amaro<\/td>\n<\/tr>\n<tr>\n<td><a href=\"https:\/\/sites.uac.pt\/mea\/files\/2012\/12\/am1213-14.JPG\" target=\"_blank\" rel=\"noopener\"><img loading=\"lazy\" decoding=\"async\" class=\"alignnone size-thumbnail wp-image-269\" src=\"https:\/\/sites.uac.pt\/mea\/files\/2012\/12\/am1213-14-150x150.jpg\" alt=\"am1213-14\" width=\"150\" height=\"150\" \/><\/a><\/td>\n<td><a href=\"https:\/\/sites.uac.pt\/mea\/files\/2012\/12\/am1213-14H.pdf\" target=\"_blank\" rel=\"noopener\">Vamos jogar ao Hex!<\/a><a href=\"https:\/\/sites.uac.pt\/mea\/files\/2012\/12\/am1213-14S.pdf\" target=\"_blank\" rel=\"noopener\">Sem\u00e1foro1<\/a> &#8211; <a href=\"https:\/\/www.youtube.com\/watch?v=54OyV_nVPTg&amp;feature=youtu.be\" target=\"_blank\" rel=\"noopener\">Sem\u00e1foro2<\/a><\/p>\n<p><a href=\"https:\/\/sites.uac.pt\/mea\/files\/2012\/12\/am1213-14T.pdf\" target=\"_blank\" rel=\"noopener\">Tangram1<\/a> &#8211; <a href=\"https:\/\/www.youtube.com\/watch?v=LECDDG3zaKw&amp;feature=youtu.be\" target=\"_blank\" rel=\"noopener\">Tangram2<\/a><\/p>\n<p><a href=\"https:\/\/sites.uac.pt\/mea\/files\/2012\/12\/am1213-14C.pdf\" target=\"_blank\" rel=\"noopener\">Cat\u00e1logo de puzzles geom\u00e9tricos<\/a><\/p>\n<p><a href=\"https:\/\/sites.uac.pt\/mea\/files\/2012\/12\/am1213-14B.pdf\" target=\"_blank\" rel=\"noopener\">Bastidores1<\/a> &#8211; <a href=\"https:\/\/www.youtube.com\/watch?v=JLxDyk5KM58&amp;feature=youtu.be\" target=\"_blank\" rel=\"noopener\">Bastidores2<\/a> &#8211; <a href=\"https:\/\/www.youtube.com\/watch?v=3YYRkybc5tg\" target=\"_blank\" rel=\"noopener\">Bastidores3<\/a><\/p>\n<p>Mariana Raposo, Miriam Rego e Ana Sim\u00f5es<\/td>\n<\/tr>\n<\/tbody>\n<\/table>\n<p><strong>Origami: vem explorar a Matem\u00e1tica<\/strong><\/p>\n<table border=\"0\">\n<tbody>\n<tr>\n<td><a href=\"https:\/\/sites.uac.pt\/mea\/files\/2012\/12\/am1213-15.jpg\" target=\"_blank\" rel=\"noopener\"><img loading=\"lazy\" decoding=\"async\" class=\"alignnone size-thumbnail wp-image-251\" src=\"https:\/\/sites.uac.pt\/mea\/files\/2012\/12\/am1213-15-150x150.jpg\" alt=\"am1213-15\" width=\"150\" height=\"150\" \/><\/a><\/td>\n<td><a href=\"https:\/\/sites.uac.pt\/mea\/files\/2012\/12\/am1213-15-O.pdf\" target=\"_blank\" rel=\"noopener\">Origami: uma breve introdu\u00e7\u00e3o<\/a><a href=\"https:\/\/sites.uac.pt\/mea\/files\/2012\/12\/am1213-15-C.pdf\" target=\"_blank\" rel=\"noopener\">Cat\u00e1logo de constru\u00e7\u00f5es em Origami<\/a><\/p>\n<p><a href=\"https:\/\/sites.uac.pt\/mea\/files\/2012\/12\/am1213-15-P.pdf\" target=\"_blank\" rel=\"noopener\">Cat\u00e1logo de poliedros<\/a><\/p>\n<p><a href=\"https:\/\/sites.uac.pt\/mea\/files\/2012\/12\/am1213-15-CPP1.pdf\" target=\"_blank\" rel=\"noopener\">Constru\u00e7\u00f5es passo a passo<\/a><\/p>\n<p><a href=\"https:\/\/sites.uac.pt\/mea\/files\/2012\/12\/am1213-15-G.pdf\" target=\"_blank\" rel=\"noopener\">O grupo em a\u00e7\u00e3o<\/a><\/p>\n<p>Carina Furtado, Beatriz Costa e Sara Garcia<\/td>\n<\/tr>\n<\/tbody>\n<\/table>\n<p><strong>Os intrigantes n\u00fameros de Fibonacci<\/strong><\/p>\n<table border=\"0\">\n<tbody>\n<tr>\n<td><a href=\"https:\/\/sites.uac.pt\/mea\/files\/2012\/12\/am1213-16.jpg\" target=\"_blank\" rel=\"noopener\"><img loading=\"lazy\" decoding=\"async\" class=\"alignnone size-thumbnail wp-image-254\" src=\"https:\/\/sites.uac.pt\/mea\/files\/2012\/12\/am1213-16-150x150.jpg\" alt=\"am1213-16\" width=\"150\" height=\"150\" \/><\/a><\/td>\n<td><a href=\"https:\/\/sites.uac.pt\/mea\/files\/2012\/12\/am1213-16C.pdf\" target=\"_blank\" rel=\"noopener\">Cat\u00e1logo<\/a><a href=\"https:\/\/www.youtube.com\/watch?v=SHvhJlecGV8\" target=\"_blank\" rel=\"noopener\">Fibonacci ao nosso redor<\/a><\/p>\n<p><a href=\"https:\/\/sites.uac.pt\/mea\/files\/2012\/12\/am1213-16A1.pdf\" target=\"_blank\" rel=\"noopener\">Atividade com crian\u00e7as<\/a><\/p>\n<p><a href=\"https:\/\/sites.uac.pt\/mea\/files\/2012\/12\/am1213-16AO1.pdf\" target=\"_blank\" rel=\"noopener\">Apresenta\u00e7\u00e3o e atividade com a turma<\/a><\/p>\n<p>Nat\u00e1lia Pedro, Vanessa Amaral e Raquel Furtado<\/td>\n<\/tr>\n<\/tbody>\n<\/table>\n<p><strong>Matem\u00e1tica e Astronomia<\/strong><\/p>\n<table border=\"0\">\n<tbody>\n<tr>\n<td><a href=\"https:\/\/sites.uac.pt\/mea\/files\/2012\/12\/am1213-17.JPG\" target=\"_blank\" rel=\"noopener\"><img loading=\"lazy\" decoding=\"async\" class=\"alignnone size-thumbnail wp-image-272\" src=\"https:\/\/sites.uac.pt\/mea\/files\/2012\/12\/am1213-17-150x150.jpg\" alt=\"am1213-17\" width=\"150\" height=\"150\" \/><\/a><\/td>\n<td><a href=\"https:\/\/www.youtube.com\/watch?v=xaZy0z0i3M4\" target=\"_blank\" rel=\"noopener\">Uma viagem ao espa\u00e7o<\/a><a href=\"https:\/\/sites.uac.pt\/mea\/files\/2012\/12\/am1213-17C2.pdf\" target=\"_blank\" rel=\"noopener\">\u00c0 procura de padr\u00f5es&#8230;<\/a><\/p>\n<p><a href=\"https:\/\/sites.uac.pt\/mea\/files\/2012\/12\/am1213-17C1.pdf\" target=\"_blank\" rel=\"noopener\">Cat\u00e1logo de atividades<\/a><\/p>\n<p><a href=\"https:\/\/www.youtube.com\/watch?v=8H3m88_QTsw\" target=\"_blank\" rel=\"noopener\">Making of<\/a><\/p>\n<p>Carlos Silva, Sara Teixeira e Vera Pimentel<\/td>\n<\/tr>\n<\/tbody>\n<\/table>\n","protected":false},"excerpt":{"rendered":"<p>A Matem\u00e1tica na Arte e na Natureza: grupos de ros\u00e1ceas Simetria de rota\u00e7\u00e3o: onde est\u00e1s?Desenho livre no Tess Cat\u00e1logo O grupo em a\u00e7\u00e3o S\u00edlvia Barbosa, Maria Paula Campos e Carolina Jarimba Desenho livre no TessCat\u00e1logo Atividades com crian\u00e7as Atividade com a turma D\u00e9bora Sousa, Raquel Raposo e Michelle Silva Constru\u00e7\u00e3o do cataventoConstru\u00e7\u00e3o do caleidosc\u00f3pio Cat\u00e1logo [&hellip;]<\/p>\n","protected":false},"author":282,"featured_media":0,"parent":60,"menu_order":0,"comment_status":"closed","ping_status":"closed","template":"","meta":{"_monsterinsights_skip_tracking":false,"_monsterinsights_sitenote_active":false,"_monsterinsights_sitenote_note":"","_monsterinsights_sitenote_category":0,"footnotes":""},"class_list":["post-96","page","type-page","status-publish","hentry"],"_links":{"self":[{"href":"https:\/\/sites.uac.pt\/mea\/wp-json\/wp\/v2\/pages\/96","targetHints":{"allow":["GET"]}}],"collection":[{"href":"https:\/\/sites.uac.pt\/mea\/wp-json\/wp\/v2\/pages"}],"about":[{"href":"https:\/\/sites.uac.pt\/mea\/wp-json\/wp\/v2\/types\/page"}],"author":[{"embeddable":true,"href":"https:\/\/sites.uac.pt\/mea\/wp-json\/wp\/v2\/users\/282"}],"replies":[{"embeddable":true,"href":"https:\/\/sites.uac.pt\/mea\/wp-json\/wp\/v2\/comments?post=96"}],"version-history":[{"count":266,"href":"https:\/\/sites.uac.pt\/mea\/wp-json\/wp\/v2\/pages\/96\/revisions"}],"predecessor-version":[{"id":1478,"href":"https:\/\/sites.uac.pt\/mea\/wp-json\/wp\/v2\/pages\/96\/revisions\/1478"}],"up":[{"embeddable":true,"href":"https:\/\/sites.uac.pt\/mea\/wp-json\/wp\/v2\/pages\/60"}],"wp:attachment":[{"href":"https:\/\/sites.uac.pt\/mea\/wp-json\/wp\/v2\/media?parent=96"}],"curies":[{"name":"wp","href":"https:\/\/api.w.org\/{rel}","templated":true}]}}